{"id":6933,"date":"2020-05-04T16:48:27","date_gmt":"2020-05-04T14:48:27","guid":{"rendered":"https:\/\/www.hausamstrom.de\/dum\/zahrada\/"},"modified":"2020-08-26T15:44:47","modified_gmt":"2020-08-26T13:44:47","slug":"zahrada","status":"publish","type":"page","link":"https:\/\/www.hausamstrom.de\/cs\/dum\/zahrada\/","title":{"rendered":"Zahrada"},"content":{"rendered":"<div class=\"wpb-content-wrapper\"><p>[vc_row][vc_column width=&#8221;2\/3&#8243;][vc_column_text]<br \/>\n<strong>Dunajsk\u00e1 zahrada u Domu u proudu \u0159eky<\/strong><\/p>\n<p>Od roku 2017 pracujeme na tom, abychom p\u0159\u00edmo vedle domu vytvo\u0159ili polop\u0159\u00edrodn\u00ed \u201enau\u010dnou zahradu.\u201c Na\u0161e zahrada by m\u011bla n\u00e1v\u0161t\u011bvn\u00edk\u016fm objasnit, \u017ee to nemus\u00ed b\u00fdt v\u017edy anglick\u00fd tr\u00e1vn\u00edk. Zejm\u00e9na pokud chcete ud\u011blat n\u011bco pro v\u010dely, mot\u00fdly, pt\u00e1ky atd., m\u016f\u017ee klidn\u011b vypadat i trochu neuspo\u0159\u00e1dan\u011b.<br \/>\nKrom\u011b toho u\u010d\u00edme, jak slou\u010dit polop\u0159\u00edrodn\u00ed zahradni\u010den\u00ed a ekologii.[\/vc_column_text][\/vc_column][vc_column width=&#8221;1\/3&#8243;][vc_single_image image=&#8221;7143&#8243; img_size=&#8221;medium&#8221;][\/vc_column][\/vc_row][vc_row][vc_column][vc_column_text]<br \/>\n<strong>Rostlinn\u00e9 rarity z Dunajsk\u00fdch svah\u016f<\/strong><\/p>\n<p>Od roku 2011 sb\u00edr\u00e1me a chr\u00e1n\u00edme jedine\u010dn\u00e9 a vz\u00e1cn\u00e9 rostliny, kter\u00e9 se vyskytuj\u00ed nebo d\u0159\u00edve vyskytovaly v pasovk\u00e9m \u00fadol\u00ed Dunaje. Mezit\u00edm se po\u010det zv\u00fd\u0161il na p\u0159ibli\u017en\u011b 55 p\u016fvodn\u00edch rostlin. Rostliny lze obdivovat podle stanovi\u0161\u0165 nebo m\u00edst r\u016fstu v na\u0161\u00ed samostatn\u00e9 uk\u00e1zkov\u00e9 zahrad\u011b. V z\u00e1vislosti na sklizni d\u00e1v\u00e1me semena t\u011bchto rostlin v mal\u00e9m mno\u017estv\u00ed zdarma, p\u0159i v\u011bt\u0161\u00edm mno\u017estv\u00ed \u017e\u00e1d\u00e1me o dar. V z\u00e1vislosti na \u00fasp\u011bchu mno\u017een\u00ed jednotliv\u00e9 druhy prod\u00e1v\u00e1me.<\/p>\n<div class=\"tlid-result-transliteration-container result-transliteration-container transliteration-container\">\n<div class=\"tlid-transliteration-content transliteration-content full\"><\/div>\n<\/div>\n<p>[\/vc_column_text]<a href='#' target='_self' title='' class='dt-sc-button   medium     '  style=\"background-color:#1e73be;border-color:#1e73be;\"> Weiterlesen <\/a>[\/vc_column][\/vc_row]<\/p>\n<\/div>","protected":false},"excerpt":{"rendered":"<p>[vc_row][vc_column width=&#8221;2\/3&#8243;][vc_column_text] Dunajsk\u00e1 zahrada u Domu u proudu \u0159eky Od roku 2017 pracujeme na tom, abychom p\u0159\u00edmo vedle domu vytvo\u0159ili polop\u0159\u00edrodn\u00ed \u201enau\u010dnou zahradu.\u201c Na\u0161e zahrada by m\u011bla n\u00e1v\u0161t\u011bvn\u00edk\u016fm objasnit, \u017ee to nemus\u00ed b\u00fdt v\u017edy anglick\u00fd tr\u00e1vn\u00edk. Zejm\u00e9na pokud chcete ud\u011blat n\u011bco pro v\u010dely, mot\u00fdly, pt\u00e1ky atd., m\u016f\u017ee klidn\u011b vypadat i trochu neuspo\u0159\u00e1dan\u011b. Krom\u011b toho u\u010d\u00edme, [&hellip;]<\/p>\n","protected":false},"author":1,"featured_media":0,"parent":6912,"menu_order":5,"comment_status":"closed","ping_status":"closed","template":"","meta":{"footnotes":""},"class_list":["post-6933","page","type-page","status-publish","hentry"],"yoast_head":"<!-- This site is optimized with the Yoast SEO plugin v27.5 - https:\/\/yoast.com\/product\/yoast-seo-wordpress\/ -->\n<title>Zahrada - Haus am Strom<\/title>\n<meta name=\"robots\" content=\"index, follow, max-snippet:-1, max-image-preview:large, max-video-preview:-1\" \/>\n<link rel=\"canonical\" href=\"https:\/\/www.hausamstrom.de\/cs\/dum\/zahrada\/\" \/>\n<meta property=\"og:locale\" content=\"cs_CZ\" \/>\n<meta property=\"og:type\" content=\"article\" \/>\n<meta property=\"og:title\" content=\"Zahrada - Haus am Strom\" \/>\n<meta property=\"og:description\" content=\"[vc_row][vc_column width=&#8221;2\/3&#8243;][vc_column_text] Dunajsk\u00e1 zahrada u Domu u proudu \u0159eky Od roku 2017 pracujeme na tom, abychom p\u0159\u00edmo vedle domu vytvo\u0159ili polop\u0159\u00edrodn\u00ed \u201enau\u010dnou zahradu.\u201c Na\u0161e zahrada by m\u011bla n\u00e1v\u0161t\u011bvn\u00edk\u016fm objasnit, \u017ee to nemus\u00ed b\u00fdt v\u017edy anglick\u00fd tr\u00e1vn\u00edk. Zejm\u00e9na pokud chcete ud\u011blat n\u011bco pro v\u010dely, mot\u00fdly, pt\u00e1ky atd., m\u016f\u017ee klidn\u011b vypadat i trochu neuspo\u0159\u00e1dan\u011b. Krom\u011b toho u\u010d\u00edme, [&hellip;]\" \/>\n<meta property=\"og:url\" content=\"https:\/\/www.hausamstrom.de\/cs\/dum\/zahrada\/\" \/>\n<meta property=\"og:site_name\" content=\"Haus am Strom\" \/>\n<meta property=\"article:publisher\" content=\"https:\/\/www.facebook.com\/hausamstrom\" \/>\n<meta property=\"article:modified_time\" content=\"2020-08-26T13:44:47+00:00\" \/>\n<meta name=\"twitter:card\" content=\"summary_large_image\" \/>\n<meta name=\"twitter:label1\" content=\"Odhadovan\u00e1 doba \u010dten\u00ed\" \/>\n\t<meta name=\"twitter:data1\" content=\"1 minuta\" \/>\n<script type=\"application\/ld+json\" class=\"yoast-schema-graph\">{\"@context\":\"https:\\\/\\\/schema.org\",\"@graph\":[{\"@type\":\"WebPage\",\"@id\":\"https:\\\/\\\/www.hausamstrom.de\\\/cs\\\/dum\\\/zahrada\\\/\",\"url\":\"https:\\\/\\\/www.hausamstrom.de\\\/cs\\\/dum\\\/zahrada\\\/\",\"name\":\"Zahrada - Haus am Strom\",\"isPartOf\":{\"@id\":\"https:\\\/\\\/www.hausamstrom.de\\\/de\\\/#website\"},\"datePublished\":\"2020-05-04T14:48:27+00:00\",\"dateModified\":\"2020-08-26T13:44:47+00:00\",\"breadcrumb\":{\"@id\":\"https:\\\/\\\/www.hausamstrom.de\\\/cs\\\/dum\\\/zahrada\\\/#breadcrumb\"},\"inLanguage\":\"cs\",\"potentialAction\":[{\"@type\":\"ReadAction\",\"target\":[\"https:\\\/\\\/www.hausamstrom.de\\\/cs\\\/dum\\\/zahrada\\\/\"]}]},{\"@type\":\"BreadcrumbList\",\"@id\":\"https:\\\/\\\/www.hausamstrom.de\\\/cs\\\/dum\\\/zahrada\\\/#breadcrumb\",\"itemListElement\":[{\"@type\":\"ListItem\",\"position\":1,\"name\":\"Home\",\"item\":\"https:\\\/\\\/www.hausamstrom.de\\\/cs\\\/\"},{\"@type\":\"ListItem\",\"position\":2,\"name\":\"D\u016fm\",\"item\":\"https:\\\/\\\/www.hausamstrom.de\\\/cs\\\/dum\\\/\"},{\"@type\":\"ListItem\",\"position\":3,\"name\":\"Zahrada\"}]},{\"@type\":\"WebSite\",\"@id\":\"https:\\\/\\\/www.hausamstrom.de\\\/de\\\/#website\",\"url\":\"https:\\\/\\\/www.hausamstrom.de\\\/de\\\/\",\"name\":\"Haus am Strom\",\"description\":\"Umweltbildungsstation im Passauer Donautal. Umweltbildung und Naturschutz f\u00fcr Kinder und Erwachsenen.\",\"publisher\":{\"@id\":\"https:\\\/\\\/www.hausamstrom.de\\\/de\\\/#organization\"},\"potentialAction\":[{\"@type\":\"SearchAction\",\"target\":{\"@type\":\"EntryPoint\",\"urlTemplate\":\"https:\\\/\\\/www.hausamstrom.de\\\/de\\\/?s={search_term_string}\"},\"query-input\":{\"@type\":\"PropertyValueSpecification\",\"valueRequired\":true,\"valueName\":\"search_term_string\"}}],\"inLanguage\":\"cs\"},{\"@type\":\"Organization\",\"@id\":\"https:\\\/\\\/www.hausamstrom.de\\\/de\\\/#organization\",\"name\":\"Haus am Strom\",\"url\":\"https:\\\/\\\/www.hausamstrom.de\\\/de\\\/\",\"logo\":{\"@type\":\"ImageObject\",\"inLanguage\":\"cs\",\"@id\":\"https:\\\/\\\/www.hausamstrom.de\\\/de\\\/#\\\/schema\\\/logo\\\/image\\\/\",\"url\":\"https:\\\/\\\/www.hausamstrom.de\\\/wp-content\\\/uploads\\\/2025\\\/06\\\/Logo-quadratisch-1024x1024.jpg\",\"contentUrl\":\"https:\\\/\\\/www.hausamstrom.de\\\/wp-content\\\/uploads\\\/2025\\\/06\\\/Logo-quadratisch-1024x1024.jpg\",\"width\":1024,\"height\":1024,\"caption\":\"Haus am Strom\"},\"image\":{\"@id\":\"https:\\\/\\\/www.hausamstrom.de\\\/de\\\/#\\\/schema\\\/logo\\\/image\\\/\"},\"sameAs\":[\"https:\\\/\\\/www.facebook.com\\\/hausamstrom\",\"https:\\\/\\\/www.instagram.com\\\/\"]}]}<\/script>\n<!-- \/ Yoast SEO plugin. -->","yoast_head_json":{"title":"Zahrada - Haus am Strom","robots":{"index":"index","follow":"follow","max-snippet":"max-snippet:-1","max-image-preview":"max-image-preview:large","max-video-preview":"max-video-preview:-1"},"canonical":"https:\/\/www.hausamstrom.de\/cs\/dum\/zahrada\/","og_locale":"cs_CZ","og_type":"article","og_title":"Zahrada - Haus am Strom","og_description":"[vc_row][vc_column width=&#8221;2\/3&#8243;][vc_column_text] Dunajsk\u00e1 zahrada u Domu u proudu \u0159eky Od roku 2017 pracujeme na tom, abychom p\u0159\u00edmo vedle domu vytvo\u0159ili polop\u0159\u00edrodn\u00ed \u201enau\u010dnou zahradu.\u201c Na\u0161e zahrada by m\u011bla n\u00e1v\u0161t\u011bvn\u00edk\u016fm objasnit, \u017ee to nemus\u00ed b\u00fdt v\u017edy anglick\u00fd tr\u00e1vn\u00edk. Zejm\u00e9na pokud chcete ud\u011blat n\u011bco pro v\u010dely, mot\u00fdly, pt\u00e1ky atd., m\u016f\u017ee klidn\u011b vypadat i trochu neuspo\u0159\u00e1dan\u011b. Krom\u011b toho u\u010d\u00edme, [&hellip;]","og_url":"https:\/\/www.hausamstrom.de\/cs\/dum\/zahrada\/","og_site_name":"Haus am Strom","article_publisher":"https:\/\/www.facebook.com\/hausamstrom","article_modified_time":"2020-08-26T13:44:47+00:00","twitter_card":"summary_large_image","twitter_misc":{"Odhadovan\u00e1 doba \u010dten\u00ed":"1 minuta"},"schema":{"@context":"https:\/\/schema.org","@graph":[{"@type":"WebPage","@id":"https:\/\/www.hausamstrom.de\/cs\/dum\/zahrada\/","url":"https:\/\/www.hausamstrom.de\/cs\/dum\/zahrada\/","name":"Zahrada - Haus am Strom","isPartOf":{"@id":"https:\/\/www.hausamstrom.de\/de\/#website"},"datePublished":"2020-05-04T14:48:27+00:00","dateModified":"2020-08-26T13:44:47+00:00","breadcrumb":{"@id":"https:\/\/www.hausamstrom.de\/cs\/dum\/zahrada\/#breadcrumb"},"inLanguage":"cs","potentialAction":[{"@type":"ReadAction","target":["https:\/\/www.hausamstrom.de\/cs\/dum\/zahrada\/"]}]},{"@type":"BreadcrumbList","@id":"https:\/\/www.hausamstrom.de\/cs\/dum\/zahrada\/#breadcrumb","itemListElement":[{"@type":"ListItem","position":1,"name":"Home","item":"https:\/\/www.hausamstrom.de\/cs\/"},{"@type":"ListItem","position":2,"name":"D\u016fm","item":"https:\/\/www.hausamstrom.de\/cs\/dum\/"},{"@type":"ListItem","position":3,"name":"Zahrada"}]},{"@type":"WebSite","@id":"https:\/\/www.hausamstrom.de\/de\/#website","url":"https:\/\/www.hausamstrom.de\/de\/","name":"Haus am Strom","description":"Umweltbildungsstation im Passauer Donautal. Umweltbildung und Naturschutz f\u00fcr Kinder und Erwachsenen.","publisher":{"@id":"https:\/\/www.hausamstrom.de\/de\/#organization"},"potentialAction":[{"@type":"SearchAction","target":{"@type":"EntryPoint","urlTemplate":"https:\/\/www.hausamstrom.de\/de\/?s={search_term_string}"},"query-input":{"@type":"PropertyValueSpecification","valueRequired":true,"valueName":"search_term_string"}}],"inLanguage":"cs"},{"@type":"Organization","@id":"https:\/\/www.hausamstrom.de\/de\/#organization","name":"Haus am Strom","url":"https:\/\/www.hausamstrom.de\/de\/","logo":{"@type":"ImageObject","inLanguage":"cs","@id":"https:\/\/www.hausamstrom.de\/de\/#\/schema\/logo\/image\/","url":"https:\/\/www.hausamstrom.de\/wp-content\/uploads\/2025\/06\/Logo-quadratisch-1024x1024.jpg","contentUrl":"https:\/\/www.hausamstrom.de\/wp-content\/uploads\/2025\/06\/Logo-quadratisch-1024x1024.jpg","width":1024,"height":1024,"caption":"Haus am Strom"},"image":{"@id":"https:\/\/www.hausamstrom.de\/de\/#\/schema\/logo\/image\/"},"sameAs":["https:\/\/www.facebook.com\/hausamstrom","https:\/\/www.instagram.com\/"]}]}},"_links":{"self":[{"href":"https:\/\/www.hausamstrom.de\/cs\/wp-json\/wp\/v2\/pages\/6933","targetHints":{"allow":["GET"]}}],"collection":[{"href":"https:\/\/www.hausamstrom.de\/cs\/wp-json\/wp\/v2\/pages"}],"about":[{"href":"https:\/\/www.hausamstrom.de\/cs\/wp-json\/wp\/v2\/types\/page"}],"author":[{"embeddable":true,"href":"https:\/\/www.hausamstrom.de\/cs\/wp-json\/wp\/v2\/users\/1"}],"replies":[{"embeddable":true,"href":"https:\/\/www.hausamstrom.de\/cs\/wp-json\/wp\/v2\/comments?post=6933"}],"version-history":[{"count":5,"href":"https:\/\/www.hausamstrom.de\/cs\/wp-json\/wp\/v2\/pages\/6933\/revisions"}],"predecessor-version":[{"id":8620,"href":"https:\/\/www.hausamstrom.de\/cs\/wp-json\/wp\/v2\/pages\/6933\/revisions\/8620"}],"up":[{"embeddable":true,"href":"https:\/\/www.hausamstrom.de\/cs\/wp-json\/wp\/v2\/pages\/6912"}],"wp:attachment":[{"href":"https:\/\/www.hausamstrom.de\/cs\/wp-json\/wp\/v2\/media?parent=6933"}],"curies":[{"name":"wp","href":"https:\/\/api.w.org\/{rel}","templated":true}]}}

<div class="wpb-content-wrapper"><p>[vc_row][vc_column width=&#8221;2/3&#8243;][vc_column_text]<br />
<strong>Dunajská zahrada u Domu u proudu řeky</strong></p>
<p>Od roku 2017 pracujeme na tom, abychom přímo vedle domu vytvořili polopřírodní „naučnou zahradu.“ Naše zahrada by měla návštěvníkům objasnit, že to nemusí být vždy anglický trávník. Zejména pokud chcete udělat něco pro včely, motýly, ptáky atd., může klidně vypadat i trochu neuspořádaně.<br />
Kromě toho učíme, jak sloučit polopřírodní zahradničení a ekologii.[/vc_column_text][/vc_column][vc_column width=&#8221;1/3&#8243;][vc_single_image image=&#8221;7143&#8243; img_size=&#8221;medium&#8221;][/vc_column][/vc_row][vc_row][vc_column][vc_column_text]<br />
<strong>Rostlinné rarity z Dunajských svahů</strong></p>
<p>Od roku 2011 sbíráme a chráníme jedinečné a vzácné rostliny, které se vyskytují nebo dříve vyskytovaly v pasovkém údolí Dunaje. Mezitím se počet zvýšil na přibližně 55 původních rostlin. Rostliny lze obdivovat podle stanovišť nebo míst růstu v naší samostatné ukázkové zahradě. V závislosti na sklizni dáváme semena těchto rostlin v malém množství zdarma, při větším množství žádáme o dar. V závislosti na úspěchu množení jednotlivé druhy prodáváme.</p>
<div class="tlid-result-transliteration-container result-transliteration-container transliteration-container">
<div class="tlid-transliteration-content transliteration-content full"></div>
</div>
<p>[/vc_column_text]<a href='#' target='_self' title='' class='dt-sc-button   medium     '  style="background-color:#1e73be;border-color:#1e73be;"> Weiterlesen </a>[/vc_column][/vc_row]</p>
</div>

<p>[vc_row][vc_column width=&#8221;2/3&#8243;][vc_column_text] Dunajská zahrada u Domu u proudu řeky Od roku 2017 pracujeme na tom, abychom přímo vedle domu vytvořili polopřírodní „naučnou zahradu.“ Naše zahrada by měla návštěvníkům objasnit, že to nemusí být vždy anglický trávník. Zejména pokud chcete udělat něco pro včely, motýly, ptáky atd., může klidně vypadat i trochu neuspořádaně. Kromě toho učíme, [&hellip;]</p>

<!-- This site is optimized with the Yoast SEO plugin v27.5 - https://yoast.com/product/yoast-seo-wordpress/ -->
<title>Zahrada - Haus am Strom</title>
<meta name="robots" content="index, follow, max-snippet:-1, max-image-preview:large, max-video-preview:-1" />
<link rel="canonical" href="https://www.hausamstrom.de/cs/dum/zahrada/" />
<meta property="og:locale" content="cs_CZ" />
<meta property="og:type" content="article" />
<meta property="og:title" content="Zahrada - Haus am Strom" />
<meta property="og:description" content="[vc_row][vc_column width=&#8221;2/3&#8243;][vc_column_text] Dunajská zahrada u Domu u proudu řeky Od roku 2017 pracujeme na tom, abychom přímo vedle domu vytvořili polopřírodní „naučnou zahradu.“ Naše zahrada by měla návštěvníkům objasnit, že to nemusí být vždy anglický trávník. Zejména pokud chcete udělat něco pro včely, motýly, ptáky atd., může klidně vypadat i trochu neuspořádaně. Kromě toho učíme, [&hellip;]" />
<meta property="og:url" content="https://www.hausamstrom.de/cs/dum/zahrada/" />
<meta property="og:site_name" content="Haus am Strom" />
<meta property="article:publisher" content="https://www.facebook.com/hausamstrom" />
<meta property="article:modified_time" content="2020-08-26T13:44:47+00:00" />
<meta name="twitter:card" content="summary_large_image" />
<meta name="twitter:label1" content="Odhadovaná doba čtení" />
	<meta name="twitter:data1" content="1 minuta" />
<script type="application/ld+json" class="yoast-schema-graph">{"@context":"https:\/\/schema.org","@graph":[{"@type":"WebPage","@id":"https:\/\/www.hausamstrom.de\/cs\/dum\/zahrada\/","url":"https:\/\/www.hausamstrom.de\/cs\/dum\/zahrada\/","name":"Zahrada - Haus am Strom","isPartOf":{"@id":"https:\/\/www.hausamstrom.de\/de\/#website"},"datePublished":"2020-05-04T14:48:27+00:00","dateModified":"2020-08-26T13:44:47+00:00","breadcrumb":{"@id":"https:\/\/www.hausamstrom.de\/cs\/dum\/zahrada\/#breadcrumb"},"inLanguage":"cs","potentialAction":[{"@type":"ReadAction","target":["https:\/\/www.hausamstrom.de\/cs\/dum\/zahrada\/"]}]},{"@type":"BreadcrumbList","@id":"https:\/\/www.hausamstrom.de\/cs\/dum\/zahrada\/#breadcrumb","itemListElement":[{"@type":"ListItem","position":1,"name":"Home","item":"https:\/\/www.hausamstrom.de\/cs\/"},{"@type":"ListItem","position":2,"name":"Dům","item":"https:\/\/www.hausamstrom.de\/cs\/dum\/"},{"@type":"ListItem","position":3,"name":"Zahrada"}]},{"@type":"WebSite","@id":"https:\/\/www.hausamstrom.de\/de\/#website","url":"https:\/\/www.hausamstrom.de\/de\/","name":"Haus am Strom","description":"Umweltbildungsstation im Passauer Donautal. Umweltbildung und Naturschutz für Kinder und Erwachsenen.","publisher":{"@id":"https:\/\/www.hausamstrom.de\/de\/#organization"},"potentialAction":[{"@type":"SearchAction","target":{"@type":"EntryPoint","urlTemplate":"https:\/\/www.hausamstrom.de\/de\/?s={search_term_string}"},"query-input":{"@type":"PropertyValueSpecification","valueRequired":true,"valueName":"search_term_string"}}],"inLanguage":"cs"},{"@type":"Organization","@id":"https:\/\/www.hausamstrom.de\/de\/#organization","name":"Haus am Strom","url":"https:\/\/www.hausamstrom.de\/de\/","logo":{"@type":"ImageObject","inLanguage":"cs","@id":"https:\/\/www.hausamstrom.de\/de\/#\/schema\/logo\/image\/","url":"https:\/\/www.hausamstrom.de\/wp-content\/uploads\/2025\/06\/Logo-quadratisch-1024x1024.jpg","contentUrl":"https:\/\/www.hausamstrom.de\/wp-content\/uploads\/2025\/06\/Logo-quadratisch-1024x1024.jpg","width":1024,"height":1024,"caption":"Haus am Strom"},"image":{"@id":"https:\/\/www.hausamstrom.de\/de\/#\/schema\/logo\/image\/"},"sameAs":["https:\/\/www.facebook.com\/hausamstrom","https:\/\/www.instagram.com\/"]}]}</script>
<!-- / Yoast SEO plugin. -->

[vc_row][vc_column width=&#8221;2/3&#8243;][vc_column_text] Dunajská zahrada u Domu u proudu řeky Od roku 2017 pracujeme na tom, abychom přímo vedle domu vytvořili polopřírodní „naučnou zahradu.“ Naše zahrada by měla návštěvníkům objasnit, že to nemusí být vždy anglický trávník. Zejména pokud chcete udělat něco pro včely, motýly, ptáky atd., může klidně vypadat i trochu neuspořádaně. Kromě toho učíme, [&hellip;]

Dům

Umweltbildungsstation im Passauer Donautal. Umweltbildung und Naturschutz für Kinder und Erwachsenen.
