{"id":6967,"date":"2020-05-04T17:53:41","date_gmt":"2020-05-04T15:53:41","guid":{"rendered":"https:\/\/www.hausamstrom.de\/elektrarna\/info-center\/"},"modified":"2020-05-04T17:53:41","modified_gmt":"2020-05-04T15:53:41","slug":"info-center","status":"publish","type":"page","link":"https:\/\/www.hausamstrom.de\/cs\/elektrarna\/info-center\/","title":{"rendered":"Info Center"},"content":{"rendered":"<div class=\"wpb-content-wrapper\"><p>[vc_row][vc_column width=\u201d1\/2\u2033][vc_single_image image=\u201d6102\u2033 img_size=\u201dmedium\u201d][\/vc_column][vc_column width=\u201d1\/2\u2033][vc_column_text]<br \/>\n<span class=\"tlid-translation translation\" lang=\"cs\"><strong><span title=\"\">Informa\u010dn\u00ed centrum energetick\u00e9 ekonomiky<\/span><\/strong><\/p>\n<p><span title=\"\">V b\u00fdval\u00e9m str\u00e1\u017en\u00edm dom\u011b m\u016f\u017eete zdarma nav\u0161t\u00edvit informa\u010dn\u00ed centrum e-ekonomie.<\/span> <span class=\"\" title=\"\">Dozv\u00edte se zaj\u00edmav\u00e1 fakta o v\u00fdrob\u011b energie, distribuci a v\u00fdstavb\u011b elektr\u00e1rny, stejn\u011b jako cenn\u00e9 tipy pro cyklisty.<\/span><\/p>\n<p><span class=\"\" title=\"\">Energetick\u00fd z\u00e1\u017eitek Jochenstein je otev\u0159en od: 1. dubna do 31. \u0159\u00edjna: denn\u011b od 9:00 do 18:00 a od 1. listopadu do 31. b\u0159ezna: sobota, ned\u011ble a st\u00e1tn\u00ed sv\u00e1tky od 9:00 do 16:00.<\/span><\/span>[\/vc_column_text][\/vc_column][\/vc_row]<\/p>\n<\/div>","protected":false},"excerpt":{"rendered":"<p>[vc_row][vc_column width=\u201d1\/2\u2033][vc_single_image image=\u201d6102\u2033 img_size=\u201dmedium\u201d][\/vc_column][vc_column width=\u201d1\/2\u2033][vc_column_text] Informa\u010dn\u00ed centrum energetick\u00e9 ekonomiky V b\u00fdval\u00e9m str\u00e1\u017en\u00edm dom\u011b m\u016f\u017eete zdarma nav\u0161t\u00edvit informa\u010dn\u00ed centrum e-ekonomie. Dozv\u00edte se zaj\u00edmav\u00e1 fakta o v\u00fdrob\u011b energie, distribuci a v\u00fdstavb\u011b elektr\u00e1rny, stejn\u011b jako cenn\u00e9 tipy pro cyklisty. Energetick\u00fd z\u00e1\u017eitek Jochenstein je otev\u0159en od: 1. dubna do 31. \u0159\u00edjna: denn\u011b od 9:00 do 18:00 a od 1. [&hellip;]<\/p>\n","protected":false},"author":1,"featured_media":0,"parent":6964,"menu_order":1,"comment_status":"closed","ping_status":"closed","template":"","meta":{"footnotes":""},"class_list":["post-6967","page","type-page","status-publish","hentry"],"yoast_head":"<!-- This site is optimized with the Yoast SEO plugin v27.5 - https:\/\/yoast.com\/product\/yoast-seo-wordpress\/ -->\n<title>Info Center - Haus am Strom<\/title>\n<meta name=\"robots\" content=\"index, follow, max-snippet:-1, max-image-preview:large, max-video-preview:-1\" \/>\n<link rel=\"canonical\" href=\"https:\/\/www.hausamstrom.de\/cs\/elektrarna\/info-center\/\" \/>\n<meta property=\"og:locale\" content=\"cs_CZ\" \/>\n<meta property=\"og:type\" content=\"article\" \/>\n<meta property=\"og:title\" content=\"Info Center - Haus am Strom\" \/>\n<meta property=\"og:description\" content=\"[vc_row][vc_column width=\u201d1\/2\u2033][vc_single_image image=\u201d6102\u2033 img_size=\u201dmedium\u201d][\/vc_column][vc_column width=\u201d1\/2\u2033][vc_column_text] Informa\u010dn\u00ed centrum energetick\u00e9 ekonomiky V b\u00fdval\u00e9m str\u00e1\u017en\u00edm dom\u011b m\u016f\u017eete zdarma nav\u0161t\u00edvit informa\u010dn\u00ed centrum e-ekonomie. Dozv\u00edte se zaj\u00edmav\u00e1 fakta o v\u00fdrob\u011b energie, distribuci a v\u00fdstavb\u011b elektr\u00e1rny, stejn\u011b jako cenn\u00e9 tipy pro cyklisty. Energetick\u00fd z\u00e1\u017eitek Jochenstein je otev\u0159en od: 1. dubna do 31. \u0159\u00edjna: denn\u011b od 9:00 do 18:00 a od 1. [&hellip;]\" \/>\n<meta property=\"og:url\" content=\"https:\/\/www.hausamstrom.de\/cs\/elektrarna\/info-center\/\" \/>\n<meta property=\"og:site_name\" content=\"Haus am Strom\" \/>\n<meta property=\"article:publisher\" content=\"https:\/\/www.facebook.com\/hausamstrom\" \/>\n<meta name=\"twitter:card\" content=\"summary_large_image\" \/>\n<meta name=\"twitter:label1\" content=\"Odhadovan\u00e1 doba \u010dten\u00ed\" \/>\n\t<meta name=\"twitter:data1\" content=\"1 minuta\" \/>\n<script type=\"application\/ld+json\" class=\"yoast-schema-graph\">{\"@context\":\"https:\\\/\\\/schema.org\",\"@graph\":[{\"@type\":\"WebPage\",\"@id\":\"https:\\\/\\\/www.hausamstrom.de\\\/cs\\\/elektrarna\\\/info-center\\\/\",\"url\":\"https:\\\/\\\/www.hausamstrom.de\\\/cs\\\/elektrarna\\\/info-center\\\/\",\"name\":\"Info Center - Haus am Strom\",\"isPartOf\":{\"@id\":\"https:\\\/\\\/www.hausamstrom.de\\\/de\\\/#website\"},\"datePublished\":\"2020-05-04T15:53:41+00:00\",\"breadcrumb\":{\"@id\":\"https:\\\/\\\/www.hausamstrom.de\\\/cs\\\/elektrarna\\\/info-center\\\/#breadcrumb\"},\"inLanguage\":\"cs\",\"potentialAction\":[{\"@type\":\"ReadAction\",\"target\":[\"https:\\\/\\\/www.hausamstrom.de\\\/cs\\\/elektrarna\\\/info-center\\\/\"]}]},{\"@type\":\"BreadcrumbList\",\"@id\":\"https:\\\/\\\/www.hausamstrom.de\\\/cs\\\/elektrarna\\\/info-center\\\/#breadcrumb\",\"itemListElement\":[{\"@type\":\"ListItem\",\"position\":1,\"name\":\"Home\",\"item\":\"https:\\\/\\\/www.hausamstrom.de\\\/cs\\\/\"},{\"@type\":\"ListItem\",\"position\":2,\"name\":\"elektr\u00e1rna\",\"item\":\"https:\\\/\\\/www.hausamstrom.de\\\/cs\\\/elektrarna\\\/\"},{\"@type\":\"ListItem\",\"position\":3,\"name\":\"Info Center\"}]},{\"@type\":\"WebSite\",\"@id\":\"https:\\\/\\\/www.hausamstrom.de\\\/de\\\/#website\",\"url\":\"https:\\\/\\\/www.hausamstrom.de\\\/de\\\/\",\"name\":\"Haus am Strom\",\"description\":\"Umweltbildungsstation im Passauer Donautal. Umweltbildung und Naturschutz f\u00fcr Kinder und Erwachsenen.\",\"publisher\":{\"@id\":\"https:\\\/\\\/www.hausamstrom.de\\\/de\\\/#organization\"},\"potentialAction\":[{\"@type\":\"SearchAction\",\"target\":{\"@type\":\"EntryPoint\",\"urlTemplate\":\"https:\\\/\\\/www.hausamstrom.de\\\/de\\\/?s={search_term_string}\"},\"query-input\":{\"@type\":\"PropertyValueSpecification\",\"valueRequired\":true,\"valueName\":\"search_term_string\"}}],\"inLanguage\":\"cs\"},{\"@type\":\"Organization\",\"@id\":\"https:\\\/\\\/www.hausamstrom.de\\\/de\\\/#organization\",\"name\":\"Haus am Strom\",\"url\":\"https:\\\/\\\/www.hausamstrom.de\\\/de\\\/\",\"logo\":{\"@type\":\"ImageObject\",\"inLanguage\":\"cs\",\"@id\":\"https:\\\/\\\/www.hausamstrom.de\\\/de\\\/#\\\/schema\\\/logo\\\/image\\\/\",\"url\":\"https:\\\/\\\/www.hausamstrom.de\\\/wp-content\\\/uploads\\\/2025\\\/06\\\/Logo-quadratisch-1024x1024.jpg\",\"contentUrl\":\"https:\\\/\\\/www.hausamstrom.de\\\/wp-content\\\/uploads\\\/2025\\\/06\\\/Logo-quadratisch-1024x1024.jpg\",\"width\":1024,\"height\":1024,\"caption\":\"Haus am Strom\"},\"image\":{\"@id\":\"https:\\\/\\\/www.hausamstrom.de\\\/de\\\/#\\\/schema\\\/logo\\\/image\\\/\"},\"sameAs\":[\"https:\\\/\\\/www.facebook.com\\\/hausamstrom\",\"https:\\\/\\\/www.instagram.com\\\/\"]}]}<\/script>\n<!-- \/ Yoast SEO plugin. -->","yoast_head_json":{"title":"Info Center - Haus am Strom","robots":{"index":"index","follow":"follow","max-snippet":"max-snippet:-1","max-image-preview":"max-image-preview:large","max-video-preview":"max-video-preview:-1"},"canonical":"https:\/\/www.hausamstrom.de\/cs\/elektrarna\/info-center\/","og_locale":"cs_CZ","og_type":"article","og_title":"Info Center - Haus am Strom","og_description":"[vc_row][vc_column width=\u201d1\/2\u2033][vc_single_image image=\u201d6102\u2033 img_size=\u201dmedium\u201d][\/vc_column][vc_column width=\u201d1\/2\u2033][vc_column_text] Informa\u010dn\u00ed centrum energetick\u00e9 ekonomiky V b\u00fdval\u00e9m str\u00e1\u017en\u00edm dom\u011b m\u016f\u017eete zdarma nav\u0161t\u00edvit informa\u010dn\u00ed centrum e-ekonomie. Dozv\u00edte se zaj\u00edmav\u00e1 fakta o v\u00fdrob\u011b energie, distribuci a v\u00fdstavb\u011b elektr\u00e1rny, stejn\u011b jako cenn\u00e9 tipy pro cyklisty. Energetick\u00fd z\u00e1\u017eitek Jochenstein je otev\u0159en od: 1. dubna do 31. \u0159\u00edjna: denn\u011b od 9:00 do 18:00 a od 1. [&hellip;]","og_url":"https:\/\/www.hausamstrom.de\/cs\/elektrarna\/info-center\/","og_site_name":"Haus am Strom","article_publisher":"https:\/\/www.facebook.com\/hausamstrom","twitter_card":"summary_large_image","twitter_misc":{"Odhadovan\u00e1 doba \u010dten\u00ed":"1 minuta"},"schema":{"@context":"https:\/\/schema.org","@graph":[{"@type":"WebPage","@id":"https:\/\/www.hausamstrom.de\/cs\/elektrarna\/info-center\/","url":"https:\/\/www.hausamstrom.de\/cs\/elektrarna\/info-center\/","name":"Info Center - Haus am Strom","isPartOf":{"@id":"https:\/\/www.hausamstrom.de\/de\/#website"},"datePublished":"2020-05-04T15:53:41+00:00","breadcrumb":{"@id":"https:\/\/www.hausamstrom.de\/cs\/elektrarna\/info-center\/#breadcrumb"},"inLanguage":"cs","potentialAction":[{"@type":"ReadAction","target":["https:\/\/www.hausamstrom.de\/cs\/elektrarna\/info-center\/"]}]},{"@type":"BreadcrumbList","@id":"https:\/\/www.hausamstrom.de\/cs\/elektrarna\/info-center\/#breadcrumb","itemListElement":[{"@type":"ListItem","position":1,"name":"Home","item":"https:\/\/www.hausamstrom.de\/cs\/"},{"@type":"ListItem","position":2,"name":"elektr\u00e1rna","item":"https:\/\/www.hausamstrom.de\/cs\/elektrarna\/"},{"@type":"ListItem","position":3,"name":"Info Center"}]},{"@type":"WebSite","@id":"https:\/\/www.hausamstrom.de\/de\/#website","url":"https:\/\/www.hausamstrom.de\/de\/","name":"Haus am Strom","description":"Umweltbildungsstation im Passauer Donautal. Umweltbildung und Naturschutz f\u00fcr Kinder und Erwachsenen.","publisher":{"@id":"https:\/\/www.hausamstrom.de\/de\/#organization"},"potentialAction":[{"@type":"SearchAction","target":{"@type":"EntryPoint","urlTemplate":"https:\/\/www.hausamstrom.de\/de\/?s={search_term_string}"},"query-input":{"@type":"PropertyValueSpecification","valueRequired":true,"valueName":"search_term_string"}}],"inLanguage":"cs"},{"@type":"Organization","@id":"https:\/\/www.hausamstrom.de\/de\/#organization","name":"Haus am Strom","url":"https:\/\/www.hausamstrom.de\/de\/","logo":{"@type":"ImageObject","inLanguage":"cs","@id":"https:\/\/www.hausamstrom.de\/de\/#\/schema\/logo\/image\/","url":"https:\/\/www.hausamstrom.de\/wp-content\/uploads\/2025\/06\/Logo-quadratisch-1024x1024.jpg","contentUrl":"https:\/\/www.hausamstrom.de\/wp-content\/uploads\/2025\/06\/Logo-quadratisch-1024x1024.jpg","width":1024,"height":1024,"caption":"Haus am Strom"},"image":{"@id":"https:\/\/www.hausamstrom.de\/de\/#\/schema\/logo\/image\/"},"sameAs":["https:\/\/www.facebook.com\/hausamstrom","https:\/\/www.instagram.com\/"]}]}},"_links":{"self":[{"href":"https:\/\/www.hausamstrom.de\/cs\/wp-json\/wp\/v2\/pages\/6967","targetHints":{"allow":["GET"]}}],"collection":[{"href":"https:\/\/www.hausamstrom.de\/cs\/wp-json\/wp\/v2\/pages"}],"about":[{"href":"https:\/\/www.hausamstrom.de\/cs\/wp-json\/wp\/v2\/types\/page"}],"author":[{"embeddable":true,"href":"https:\/\/www.hausamstrom.de\/cs\/wp-json\/wp\/v2\/users\/1"}],"replies":[{"embeddable":true,"href":"https:\/\/www.hausamstrom.de\/cs\/wp-json\/wp\/v2\/comments?post=6967"}],"version-history":[{"count":2,"href":"https:\/\/www.hausamstrom.de\/cs\/wp-json\/wp\/v2\/pages\/6967\/revisions"}],"predecessor-version":[{"id":6969,"href":"https:\/\/www.hausamstrom.de\/cs\/wp-json\/wp\/v2\/pages\/6967\/revisions\/6969"}],"up":[{"embeddable":true,"href":"https:\/\/www.hausamstrom.de\/cs\/wp-json\/wp\/v2\/pages\/6964"}],"wp:attachment":[{"href":"https:\/\/www.hausamstrom.de\/cs\/wp-json\/wp\/v2\/media?parent=6967"}],"curies":[{"name":"wp","href":"https:\/\/api.w.org\/{rel}","templated":true}]}}

<div class="wpb-content-wrapper"><p>[vc_row][vc_column width=”1/2″][vc_single_image image=”6102″ img_size=”medium”][/vc_column][vc_column width=”1/2″][vc_column_text]<br />
<span class="tlid-translation translation" lang="cs"><strong><span title="">Informační centrum energetické ekonomiky</span></strong></p>
<p><span title="">V bývalém strážním domě můžete zdarma navštívit informační centrum e-ekonomie.</span> <span class="" title="">Dozvíte se zajímavá fakta o výrobě energie, distribuci a výstavbě elektrárny, stejně jako cenné tipy pro cyklisty.</span></p>
<p><span class="" title="">Energetický zážitek Jochenstein je otevřen od: 1. dubna do 31. října: denně od 9:00 do 18:00 a od 1. listopadu do 31. března: sobota, neděle a státní svátky od 9:00 do 16:00.</span></span>[/vc_column_text][/vc_column][/vc_row]</p>
</div>

<p>[vc_row][vc_column width=”1/2″][vc_single_image image=”6102″ img_size=”medium”][/vc_column][vc_column width=”1/2″][vc_column_text] Informační centrum energetické ekonomiky V bývalém strážním domě můžete zdarma navštívit informační centrum e-ekonomie. Dozvíte se zajímavá fakta o výrobě energie, distribuci a výstavbě elektrárny, stejně jako cenné tipy pro cyklisty. Energetický zážitek Jochenstein je otevřen od: 1. dubna do 31. října: denně od 9:00 do 18:00 a od 1. [&hellip;]</p>

<!-- This site is optimized with the Yoast SEO plugin v27.5 - https://yoast.com/product/yoast-seo-wordpress/ -->
<title>Info Center - Haus am Strom</title>
<meta name="robots" content="index, follow, max-snippet:-1, max-image-preview:large, max-video-preview:-1" />
<link rel="canonical" href="https://www.hausamstrom.de/cs/elektrarna/info-center/" />
<meta property="og:locale" content="cs_CZ" />
<meta property="og:type" content="article" />
<meta property="og:title" content="Info Center - Haus am Strom" />
<meta property="og:description" content="[vc_row][vc_column width=”1/2″][vc_single_image image=”6102″ img_size=”medium”][/vc_column][vc_column width=”1/2″][vc_column_text] Informační centrum energetické ekonomiky V bývalém strážním domě můžete zdarma navštívit informační centrum e-ekonomie. Dozvíte se zajímavá fakta o výrobě energie, distribuci a výstavbě elektrárny, stejně jako cenné tipy pro cyklisty. Energetický zážitek Jochenstein je otevřen od: 1. dubna do 31. října: denně od 9:00 do 18:00 a od 1. [&hellip;]" />
<meta property="og:url" content="https://www.hausamstrom.de/cs/elektrarna/info-center/" />
<meta property="og:site_name" content="Haus am Strom" />
<meta property="article:publisher" content="https://www.facebook.com/hausamstrom" />
<meta name="twitter:card" content="summary_large_image" />
<meta name="twitter:label1" content="Odhadovaná doba čtení" />
	<meta name="twitter:data1" content="1 minuta" />
<script type="application/ld+json" class="yoast-schema-graph">{"@context":"https:\/\/schema.org","@graph":[{"@type":"WebPage","@id":"https:\/\/www.hausamstrom.de\/cs\/elektrarna\/info-center\/","url":"https:\/\/www.hausamstrom.de\/cs\/elektrarna\/info-center\/","name":"Info Center - Haus am Strom","isPartOf":{"@id":"https:\/\/www.hausamstrom.de\/de\/#website"},"datePublished":"2020-05-04T15:53:41+00:00","breadcrumb":{"@id":"https:\/\/www.hausamstrom.de\/cs\/elektrarna\/info-center\/#breadcrumb"},"inLanguage":"cs","potentialAction":[{"@type":"ReadAction","target":["https:\/\/www.hausamstrom.de\/cs\/elektrarna\/info-center\/"]}]},{"@type":"BreadcrumbList","@id":"https:\/\/www.hausamstrom.de\/cs\/elektrarna\/info-center\/#breadcrumb","itemListElement":[{"@type":"ListItem","position":1,"name":"Home","item":"https:\/\/www.hausamstrom.de\/cs\/"},{"@type":"ListItem","position":2,"name":"elektrárna","item":"https:\/\/www.hausamstrom.de\/cs\/elektrarna\/"},{"@type":"ListItem","position":3,"name":"Info Center"}]},{"@type":"WebSite","@id":"https:\/\/www.hausamstrom.de\/de\/#website","url":"https:\/\/www.hausamstrom.de\/de\/","name":"Haus am Strom","description":"Umweltbildungsstation im Passauer Donautal. Umweltbildung und Naturschutz für Kinder und Erwachsenen.","publisher":{"@id":"https:\/\/www.hausamstrom.de\/de\/#organization"},"potentialAction":[{"@type":"SearchAction","target":{"@type":"EntryPoint","urlTemplate":"https:\/\/www.hausamstrom.de\/de\/?s={search_term_string}"},"query-input":{"@type":"PropertyValueSpecification","valueRequired":true,"valueName":"search_term_string"}}],"inLanguage":"cs"},{"@type":"Organization","@id":"https:\/\/www.hausamstrom.de\/de\/#organization","name":"Haus am Strom","url":"https:\/\/www.hausamstrom.de\/de\/","logo":{"@type":"ImageObject","inLanguage":"cs","@id":"https:\/\/www.hausamstrom.de\/de\/#\/schema\/logo\/image\/","url":"https:\/\/www.hausamstrom.de\/wp-content\/uploads\/2025\/06\/Logo-quadratisch-1024x1024.jpg","contentUrl":"https:\/\/www.hausamstrom.de\/wp-content\/uploads\/2025\/06\/Logo-quadratisch-1024x1024.jpg","width":1024,"height":1024,"caption":"Haus am Strom"},"image":{"@id":"https:\/\/www.hausamstrom.de\/de\/#\/schema\/logo\/image\/"},"sameAs":["https:\/\/www.facebook.com\/hausamstrom","https:\/\/www.instagram.com\/"]}]}</script>
<!-- / Yoast SEO plugin. -->

[vc_row][vc_column width=”1/2″][vc_single_image image=”6102″ img_size=”medium”][/vc_column][vc_column width=”1/2″][vc_column_text] Informační centrum energetické ekonomiky V bývalém strážním domě můžete zdarma navštívit informační centrum e-ekonomie. Dozvíte se zajímavá fakta o výrobě energie, distribuci a výstavbě elektrárny, stejně jako cenné tipy pro cyklisty. Energetický zážitek Jochenstein je otevřen od: 1. dubna do 31. října: denně od 9:00 do 18:00 a od 1. [&hellip;]

elektrárna

Umweltbildungsstation im Passauer Donautal. Umweltbildung und Naturschutz für Kinder und Erwachsenen.
