{"id":6970,"date":"2020-05-04T17:54:52","date_gmt":"2020-05-04T15:54:52","guid":{"rendered":"https:\/\/www.hausamstrom.de\/elektrarna\/lodni\/"},"modified":"2020-05-04T17:54:52","modified_gmt":"2020-05-04T15:54:52","slug":"lodni","status":"publish","type":"page","link":"https:\/\/www.hausamstrom.de\/cs\/elektrarna\/lodni\/","title":{"rendered":"lodn\u00ed"},"content":{"rendered":"<div class=\"wpb-content-wrapper\"><p>[vc_row][vc_column width=\u201d1\/2\u2033][vc_single_image image=\u201d6106\u2033 img_size=\u201dlarge\u201d][\/vc_column][vc_column width=\u201d1\/2\u2033][vc_column_text]<span class=\"tlid-translation translation\" lang=\"cs\"><span title=\"\">P\u0159eprava v \u00fazk\u00e9m \u00fadol\u00ed Dunaje byla mo\u017en\u00e1 i p\u0159ed v\u00fdstavbou elektr\u00e1rny \u2013 ale s nebezpe\u010d\u00edmi a omezen\u00edmi.<\/span> <span title=\"\">Z tohoto d\u016fvodu musely b\u00fdt na n\u00e1klady konstrukt\u00e9ra elektr\u00e1rny postaveny dv\u011b z\u00e1mkov\u00e9 komory s u\u017eite\u010dnou d\u00e9lkou 230 ma \u0161\u00ed\u0159kou 24 m.<\/span> <span class=\"\" title=\"\">Z\u00e1mky jsou zdarma k p\u0159eprav\u011b, ale ka\u017ed\u00e1 n\u00e1pl\u0148 z\u00e1mku m\u00e1 za n\u00e1sledek genera\u010dn\u00ed ztr\u00e1tu v elektr\u00e1rn\u011b 1000 kWh.<\/span><\/span>[\/vc_column_text][\/vc_column][\/vc_row]<\/p>\n<\/div>","protected":false},"excerpt":{"rendered":"<p>[vc_row][vc_column width=\u201d1\/2\u2033][vc_single_image image=\u201d6106\u2033 img_size=\u201dlarge\u201d][\/vc_column][vc_column width=\u201d1\/2\u2033][vc_column_text]P\u0159eprava v \u00fazk\u00e9m \u00fadol\u00ed Dunaje byla mo\u017en\u00e1 i p\u0159ed v\u00fdstavbou elektr\u00e1rny \u2013 ale s nebezpe\u010d\u00edmi a omezen\u00edmi. Z tohoto d\u016fvodu musely b\u00fdt na n\u00e1klady konstrukt\u00e9ra elektr\u00e1rny postaveny dv\u011b z\u00e1mkov\u00e9 komory s u\u017eite\u010dnou d\u00e9lkou 230 ma \u0161\u00ed\u0159kou 24 m. Z\u00e1mky jsou zdarma k p\u0159eprav\u011b, ale ka\u017ed\u00e1 n\u00e1pl\u0148 z\u00e1mku m\u00e1 za n\u00e1sledek genera\u010dn\u00ed [&hellip;]<\/p>\n","protected":false},"author":1,"featured_media":0,"parent":6964,"menu_order":4,"comment_status":"closed","ping_status":"closed","template":"","meta":{"footnotes":""},"class_list":["post-6970","page","type-page","status-publish","hentry"],"yoast_head":"<!-- This site is optimized with the Yoast SEO plugin v27.5 - https:\/\/yoast.com\/product\/yoast-seo-wordpress\/ -->\n<title>lodn\u00ed - Haus am Strom<\/title>\n<meta name=\"robots\" content=\"index, follow, max-snippet:-1, max-image-preview:large, max-video-preview:-1\" \/>\n<link rel=\"canonical\" href=\"https:\/\/www.hausamstrom.de\/cs\/elektrarna\/lodni\/\" \/>\n<meta property=\"og:locale\" content=\"cs_CZ\" \/>\n<meta property=\"og:type\" content=\"article\" \/>\n<meta property=\"og:title\" content=\"lodn\u00ed - Haus am Strom\" \/>\n<meta property=\"og:description\" content=\"[vc_row][vc_column width=\u201d1\/2\u2033][vc_single_image image=\u201d6106\u2033 img_size=\u201dlarge\u201d][\/vc_column][vc_column width=\u201d1\/2\u2033][vc_column_text]P\u0159eprava v \u00fazk\u00e9m \u00fadol\u00ed Dunaje byla mo\u017en\u00e1 i p\u0159ed v\u00fdstavbou elektr\u00e1rny \u2013 ale s nebezpe\u010d\u00edmi a omezen\u00edmi. Z tohoto d\u016fvodu musely b\u00fdt na n\u00e1klady konstrukt\u00e9ra elektr\u00e1rny postaveny dv\u011b z\u00e1mkov\u00e9 komory s u\u017eite\u010dnou d\u00e9lkou 230 ma \u0161\u00ed\u0159kou 24 m. Z\u00e1mky jsou zdarma k p\u0159eprav\u011b, ale ka\u017ed\u00e1 n\u00e1pl\u0148 z\u00e1mku m\u00e1 za n\u00e1sledek genera\u010dn\u00ed [&hellip;]\" \/>\n<meta property=\"og:url\" content=\"https:\/\/www.hausamstrom.de\/cs\/elektrarna\/lodni\/\" \/>\n<meta property=\"og:site_name\" content=\"Haus am Strom\" \/>\n<meta property=\"article:publisher\" content=\"https:\/\/www.facebook.com\/hausamstrom\" \/>\n<meta name=\"twitter:card\" content=\"summary_large_image\" \/>\n<meta name=\"twitter:label1\" content=\"Odhadovan\u00e1 doba \u010dten\u00ed\" \/>\n\t<meta name=\"twitter:data1\" content=\"1 minuta\" \/>\n<script type=\"application\/ld+json\" class=\"yoast-schema-graph\">{\"@context\":\"https:\\\/\\\/schema.org\",\"@graph\":[{\"@type\":\"WebPage\",\"@id\":\"https:\\\/\\\/www.hausamstrom.de\\\/cs\\\/elektrarna\\\/lodni\\\/\",\"url\":\"https:\\\/\\\/www.hausamstrom.de\\\/cs\\\/elektrarna\\\/lodni\\\/\",\"name\":\"lodn\u00ed - Haus am Strom\",\"isPartOf\":{\"@id\":\"https:\\\/\\\/www.hausamstrom.de\\\/de\\\/#website\"},\"datePublished\":\"2020-05-04T15:54:52+00:00\",\"breadcrumb\":{\"@id\":\"https:\\\/\\\/www.hausamstrom.de\\\/cs\\\/elektrarna\\\/lodni\\\/#breadcrumb\"},\"inLanguage\":\"cs\",\"potentialAction\":[{\"@type\":\"ReadAction\",\"target\":[\"https:\\\/\\\/www.hausamstrom.de\\\/cs\\\/elektrarna\\\/lodni\\\/\"]}]},{\"@type\":\"BreadcrumbList\",\"@id\":\"https:\\\/\\\/www.hausamstrom.de\\\/cs\\\/elektrarna\\\/lodni\\\/#breadcrumb\",\"itemListElement\":[{\"@type\":\"ListItem\",\"position\":1,\"name\":\"Home\",\"item\":\"https:\\\/\\\/www.hausamstrom.de\\\/cs\\\/\"},{\"@type\":\"ListItem\",\"position\":2,\"name\":\"elektr\u00e1rna\",\"item\":\"https:\\\/\\\/www.hausamstrom.de\\\/cs\\\/elektrarna\\\/\"},{\"@type\":\"ListItem\",\"position\":3,\"name\":\"lodn\u00ed\"}]},{\"@type\":\"WebSite\",\"@id\":\"https:\\\/\\\/www.hausamstrom.de\\\/de\\\/#website\",\"url\":\"https:\\\/\\\/www.hausamstrom.de\\\/de\\\/\",\"name\":\"Haus am Strom\",\"description\":\"Umweltbildungsstation im Passauer Donautal. Umweltbildung und Naturschutz f\u00fcr Kinder und Erwachsenen.\",\"publisher\":{\"@id\":\"https:\\\/\\\/www.hausamstrom.de\\\/de\\\/#organization\"},\"potentialAction\":[{\"@type\":\"SearchAction\",\"target\":{\"@type\":\"EntryPoint\",\"urlTemplate\":\"https:\\\/\\\/www.hausamstrom.de\\\/de\\\/?s={search_term_string}\"},\"query-input\":{\"@type\":\"PropertyValueSpecification\",\"valueRequired\":true,\"valueName\":\"search_term_string\"}}],\"inLanguage\":\"cs\"},{\"@type\":\"Organization\",\"@id\":\"https:\\\/\\\/www.hausamstrom.de\\\/de\\\/#organization\",\"name\":\"Haus am Strom\",\"url\":\"https:\\\/\\\/www.hausamstrom.de\\\/de\\\/\",\"logo\":{\"@type\":\"ImageObject\",\"inLanguage\":\"cs\",\"@id\":\"https:\\\/\\\/www.hausamstrom.de\\\/de\\\/#\\\/schema\\\/logo\\\/image\\\/\",\"url\":\"https:\\\/\\\/www.hausamstrom.de\\\/wp-content\\\/uploads\\\/2025\\\/06\\\/Logo-quadratisch-1024x1024.jpg\",\"contentUrl\":\"https:\\\/\\\/www.hausamstrom.de\\\/wp-content\\\/uploads\\\/2025\\\/06\\\/Logo-quadratisch-1024x1024.jpg\",\"width\":1024,\"height\":1024,\"caption\":\"Haus am Strom\"},\"image\":{\"@id\":\"https:\\\/\\\/www.hausamstrom.de\\\/de\\\/#\\\/schema\\\/logo\\\/image\\\/\"},\"sameAs\":[\"https:\\\/\\\/www.facebook.com\\\/hausamstrom\",\"https:\\\/\\\/www.instagram.com\\\/\"]}]}<\/script>\n<!-- \/ Yoast SEO plugin. -->","yoast_head_json":{"title":"lodn\u00ed - Haus am Strom","robots":{"index":"index","follow":"follow","max-snippet":"max-snippet:-1","max-image-preview":"max-image-preview:large","max-video-preview":"max-video-preview:-1"},"canonical":"https:\/\/www.hausamstrom.de\/cs\/elektrarna\/lodni\/","og_locale":"cs_CZ","og_type":"article","og_title":"lodn\u00ed - Haus am Strom","og_description":"[vc_row][vc_column width=\u201d1\/2\u2033][vc_single_image image=\u201d6106\u2033 img_size=\u201dlarge\u201d][\/vc_column][vc_column width=\u201d1\/2\u2033][vc_column_text]P\u0159eprava v \u00fazk\u00e9m \u00fadol\u00ed Dunaje byla mo\u017en\u00e1 i p\u0159ed v\u00fdstavbou elektr\u00e1rny \u2013 ale s nebezpe\u010d\u00edmi a omezen\u00edmi. Z tohoto d\u016fvodu musely b\u00fdt na n\u00e1klady konstrukt\u00e9ra elektr\u00e1rny postaveny dv\u011b z\u00e1mkov\u00e9 komory s u\u017eite\u010dnou d\u00e9lkou 230 ma \u0161\u00ed\u0159kou 24 m. Z\u00e1mky jsou zdarma k p\u0159eprav\u011b, ale ka\u017ed\u00e1 n\u00e1pl\u0148 z\u00e1mku m\u00e1 za n\u00e1sledek genera\u010dn\u00ed [&hellip;]","og_url":"https:\/\/www.hausamstrom.de\/cs\/elektrarna\/lodni\/","og_site_name":"Haus am Strom","article_publisher":"https:\/\/www.facebook.com\/hausamstrom","twitter_card":"summary_large_image","twitter_misc":{"Odhadovan\u00e1 doba \u010dten\u00ed":"1 minuta"},"schema":{"@context":"https:\/\/schema.org","@graph":[{"@type":"WebPage","@id":"https:\/\/www.hausamstrom.de\/cs\/elektrarna\/lodni\/","url":"https:\/\/www.hausamstrom.de\/cs\/elektrarna\/lodni\/","name":"lodn\u00ed - Haus am Strom","isPartOf":{"@id":"https:\/\/www.hausamstrom.de\/de\/#website"},"datePublished":"2020-05-04T15:54:52+00:00","breadcrumb":{"@id":"https:\/\/www.hausamstrom.de\/cs\/elektrarna\/lodni\/#breadcrumb"},"inLanguage":"cs","potentialAction":[{"@type":"ReadAction","target":["https:\/\/www.hausamstrom.de\/cs\/elektrarna\/lodni\/"]}]},{"@type":"BreadcrumbList","@id":"https:\/\/www.hausamstrom.de\/cs\/elektrarna\/lodni\/#breadcrumb","itemListElement":[{"@type":"ListItem","position":1,"name":"Home","item":"https:\/\/www.hausamstrom.de\/cs\/"},{"@type":"ListItem","position":2,"name":"elektr\u00e1rna","item":"https:\/\/www.hausamstrom.de\/cs\/elektrarna\/"},{"@type":"ListItem","position":3,"name":"lodn\u00ed"}]},{"@type":"WebSite","@id":"https:\/\/www.hausamstrom.de\/de\/#website","url":"https:\/\/www.hausamstrom.de\/de\/","name":"Haus am Strom","description":"Umweltbildungsstation im Passauer Donautal. Umweltbildung und Naturschutz f\u00fcr Kinder und Erwachsenen.","publisher":{"@id":"https:\/\/www.hausamstrom.de\/de\/#organization"},"potentialAction":[{"@type":"SearchAction","target":{"@type":"EntryPoint","urlTemplate":"https:\/\/www.hausamstrom.de\/de\/?s={search_term_string}"},"query-input":{"@type":"PropertyValueSpecification","valueRequired":true,"valueName":"search_term_string"}}],"inLanguage":"cs"},{"@type":"Organization","@id":"https:\/\/www.hausamstrom.de\/de\/#organization","name":"Haus am Strom","url":"https:\/\/www.hausamstrom.de\/de\/","logo":{"@type":"ImageObject","inLanguage":"cs","@id":"https:\/\/www.hausamstrom.de\/de\/#\/schema\/logo\/image\/","url":"https:\/\/www.hausamstrom.de\/wp-content\/uploads\/2025\/06\/Logo-quadratisch-1024x1024.jpg","contentUrl":"https:\/\/www.hausamstrom.de\/wp-content\/uploads\/2025\/06\/Logo-quadratisch-1024x1024.jpg","width":1024,"height":1024,"caption":"Haus am Strom"},"image":{"@id":"https:\/\/www.hausamstrom.de\/de\/#\/schema\/logo\/image\/"},"sameAs":["https:\/\/www.facebook.com\/hausamstrom","https:\/\/www.instagram.com\/"]}]}},"_links":{"self":[{"href":"https:\/\/www.hausamstrom.de\/cs\/wp-json\/wp\/v2\/pages\/6970","targetHints":{"allow":["GET"]}}],"collection":[{"href":"https:\/\/www.hausamstrom.de\/cs\/wp-json\/wp\/v2\/pages"}],"about":[{"href":"https:\/\/www.hausamstrom.de\/cs\/wp-json\/wp\/v2\/types\/page"}],"author":[{"embeddable":true,"href":"https:\/\/www.hausamstrom.de\/cs\/wp-json\/wp\/v2\/users\/1"}],"replies":[{"embeddable":true,"href":"https:\/\/www.hausamstrom.de\/cs\/wp-json\/wp\/v2\/comments?post=6970"}],"version-history":[{"count":2,"href":"https:\/\/www.hausamstrom.de\/cs\/wp-json\/wp\/v2\/pages\/6970\/revisions"}],"predecessor-version":[{"id":6972,"href":"https:\/\/www.hausamstrom.de\/cs\/wp-json\/wp\/v2\/pages\/6970\/revisions\/6972"}],"up":[{"embeddable":true,"href":"https:\/\/www.hausamstrom.de\/cs\/wp-json\/wp\/v2\/pages\/6964"}],"wp:attachment":[{"href":"https:\/\/www.hausamstrom.de\/cs\/wp-json\/wp\/v2\/media?parent=6970"}],"curies":[{"name":"wp","href":"https:\/\/api.w.org\/{rel}","templated":true}]}}

lodní

<div class="wpb-content-wrapper"><p>[vc_row][vc_column width=”1/2″][vc_single_image image=”6106″ img_size=”large”][/vc_column][vc_column width=”1/2″][vc_column_text]<span class="tlid-translation translation" lang="cs"><span title="">Přeprava v úzkém údolí Dunaje byla možná i před výstavbou elektrárny – ale s nebezpečími a omezeními.</span> <span title="">Z tohoto důvodu musely být na náklady konstruktéra elektrárny postaveny dvě zámkové komory s užitečnou délkou 230 ma šířkou 24 m.</span> <span class="" title="">Zámky jsou zdarma k přepravě, ale každá náplň zámku má za následek generační ztrátu v elektrárně 1000 kWh.</span></span>[/vc_column_text][/vc_column][/vc_row]</p>
</div>

<p>[vc_row][vc_column width=”1/2″][vc_single_image image=”6106″ img_size=”large”][/vc_column][vc_column width=”1/2″][vc_column_text]Přeprava v úzkém údolí Dunaje byla možná i před výstavbou elektrárny – ale s nebezpečími a omezeními. Z tohoto důvodu musely být na náklady konstruktéra elektrárny postaveny dvě zámkové komory s užitečnou délkou 230 ma šířkou 24 m. Zámky jsou zdarma k přepravě, ale každá náplň zámku má za následek generační [&hellip;]</p>

<!-- This site is optimized with the Yoast SEO plugin v27.5 - https://yoast.com/product/yoast-seo-wordpress/ -->
<title>lodní - Haus am Strom</title>
<meta name="robots" content="index, follow, max-snippet:-1, max-image-preview:large, max-video-preview:-1" />
<link rel="canonical" href="https://www.hausamstrom.de/cs/elektrarna/lodni/" />
<meta property="og:locale" content="cs_CZ" />
<meta property="og:type" content="article" />
<meta property="og:title" content="lodní - Haus am Strom" />
<meta property="og:description" content="[vc_row][vc_column width=”1/2″][vc_single_image image=”6106″ img_size=”large”][/vc_column][vc_column width=”1/2″][vc_column_text]Přeprava v úzkém údolí Dunaje byla možná i před výstavbou elektrárny – ale s nebezpečími a omezeními. Z tohoto důvodu musely být na náklady konstruktéra elektrárny postaveny dvě zámkové komory s užitečnou délkou 230 ma šířkou 24 m. Zámky jsou zdarma k přepravě, ale každá náplň zámku má za následek generační [&hellip;]" />
<meta property="og:url" content="https://www.hausamstrom.de/cs/elektrarna/lodni/" />
<meta property="og:site_name" content="Haus am Strom" />
<meta property="article:publisher" content="https://www.facebook.com/hausamstrom" />
<meta name="twitter:card" content="summary_large_image" />
<meta name="twitter:label1" content="Odhadovaná doba čtení" />
	<meta name="twitter:data1" content="1 minuta" />
<script type="application/ld+json" class="yoast-schema-graph">{"@context":"https:\/\/schema.org","@graph":[{"@type":"WebPage","@id":"https:\/\/www.hausamstrom.de\/cs\/elektrarna\/lodni\/","url":"https:\/\/www.hausamstrom.de\/cs\/elektrarna\/lodni\/","name":"lodní - Haus am Strom","isPartOf":{"@id":"https:\/\/www.hausamstrom.de\/de\/#website"},"datePublished":"2020-05-04T15:54:52+00:00","breadcrumb":{"@id":"https:\/\/www.hausamstrom.de\/cs\/elektrarna\/lodni\/#breadcrumb"},"inLanguage":"cs","potentialAction":[{"@type":"ReadAction","target":["https:\/\/www.hausamstrom.de\/cs\/elektrarna\/lodni\/"]}]},{"@type":"BreadcrumbList","@id":"https:\/\/www.hausamstrom.de\/cs\/elektrarna\/lodni\/#breadcrumb","itemListElement":[{"@type":"ListItem","position":1,"name":"Home","item":"https:\/\/www.hausamstrom.de\/cs\/"},{"@type":"ListItem","position":2,"name":"elektrárna","item":"https:\/\/www.hausamstrom.de\/cs\/elektrarna\/"},{"@type":"ListItem","position":3,"name":"lodní"}]},{"@type":"WebSite","@id":"https:\/\/www.hausamstrom.de\/de\/#website","url":"https:\/\/www.hausamstrom.de\/de\/","name":"Haus am Strom","description":"Umweltbildungsstation im Passauer Donautal. Umweltbildung und Naturschutz für Kinder und Erwachsenen.","publisher":{"@id":"https:\/\/www.hausamstrom.de\/de\/#organization"},"potentialAction":[{"@type":"SearchAction","target":{"@type":"EntryPoint","urlTemplate":"https:\/\/www.hausamstrom.de\/de\/?s={search_term_string}"},"query-input":{"@type":"PropertyValueSpecification","valueRequired":true,"valueName":"search_term_string"}}],"inLanguage":"cs"},{"@type":"Organization","@id":"https:\/\/www.hausamstrom.de\/de\/#organization","name":"Haus am Strom","url":"https:\/\/www.hausamstrom.de\/de\/","logo":{"@type":"ImageObject","inLanguage":"cs","@id":"https:\/\/www.hausamstrom.de\/de\/#\/schema\/logo\/image\/","url":"https:\/\/www.hausamstrom.de\/wp-content\/uploads\/2025\/06\/Logo-quadratisch-1024x1024.jpg","contentUrl":"https:\/\/www.hausamstrom.de\/wp-content\/uploads\/2025\/06\/Logo-quadratisch-1024x1024.jpg","width":1024,"height":1024,"caption":"Haus am Strom"},"image":{"@id":"https:\/\/www.hausamstrom.de\/de\/#\/schema\/logo\/image\/"},"sameAs":["https:\/\/www.facebook.com\/hausamstrom","https:\/\/www.instagram.com\/"]}]}</script>
<!-- / Yoast SEO plugin. -->

lodní - Haus am Strom

[vc_row][vc_column width=”1/2″][vc_single_image image=”6106″ img_size=”large”][/vc_column][vc_column width=”1/2″][vc_column_text]Přeprava v úzkém údolí Dunaje byla možná i před výstavbou elektrárny – ale s nebezpečími a omezeními. Z tohoto důvodu musely být na náklady konstruktéra elektrárny postaveny dvě zámkové komory s užitečnou délkou 230 ma šířkou 24 m. Zámky jsou zdarma k přepravě, ale každá náplň zámku má za následek generační [&hellip;]

elektrárna

Umweltbildungsstation im Passauer Donautal. Umweltbildung und Naturschutz für Kinder und Erwachsenen.
