{"version":"1.0","provider_name":"Haus am Strom","provider_url":"https:\/\/www.hausamstrom.de\/de\/","author_name":"Haus am Strom Redaktion","author_url":"https:\/\/www.hausamstrom.de\/de\/author\/eidechse-has\/","title":"Jubil\u00e4ums - Sommerfest am 10. August - Haus am Strom","type":"rich","width":600,"height":338,"html":"<blockquote class=\"wp-embedded-content\" data-secret=\"iaMW9gXCyB\"><a href=\"https:\/\/www.hausamstrom.de\/de\/jubilaeums-sommerfest-am-10-august\/\">Jubil\u00e4ums &#8211; Sommerfest am 10. August<\/a><\/blockquote><iframe sandbox=\"allow-scripts\" security=\"restricted\" src=\"https:\/\/www.hausamstrom.de\/de\/jubilaeums-sommerfest-am-10-august\/embed\/#?secret=iaMW9gXCyB\" width=\"600\" height=\"338\" title=\"&#8222;Jubil\u00e4ums &#8211; Sommerfest am 10. August&#8220; &#8211; Haus am Strom\" data-secret=\"iaMW9gXCyB\" frameborder=\"0\" marginwidth=\"0\" marginheight=\"0\" scrolling=\"no\" class=\"wp-embedded-content\"><\/iframe><script type=\"text\/javascript\">\n\/* <![CDATA[ *\/\n\/*! This file is auto-generated *\/\n!function(d,l){\"use strict\";l.querySelector&&d.addEventListener&&\"undefined\"!=typeof URL&&(d.wp=d.wp||{},d.wp.receiveEmbedMessage||(d.wp.receiveEmbedMessage=function(e){var t=e.data;if((t||t.secret||t.message||t.value)&&!\/[^a-zA-Z0-9]\/.test(t.secret)){for(var s,r,n,a=l.querySelectorAll('iframe[data-secret=\"'+t.secret+'\"]'),o=l.querySelectorAll('blockquote[data-secret=\"'+t.secret+'\"]'),c=new RegExp(\"^https?:$\",\"i\"),i=0;i<o.length;i++)o[i].style.display=\"none\";for(i=0;i<a.length;i++)s=a[i],e.source===s.contentWindow&&(s.removeAttribute(\"style\"),\"height\"===t.message?(1e3<(r=parseInt(t.value,10))?r=1e3:~~r<200&&(r=200),s.height=r):\"link\"===t.message&&(r=new URL(s.getAttribute(\"src\")),n=new URL(t.value),c.test(n.protocol))&&n.host===r.host&&l.activeElement===s&&(d.top.location.href=t.value))}},d.addEventListener(\"message\",d.wp.receiveEmbedMessage,!1),l.addEventListener(\"DOMContentLoaded\",function(){for(var e,t,s=l.querySelectorAll(\"iframe.wp-embedded-content\"),r=0;r<s.length;r++)(t=(e=s[r]).getAttribute(\"data-secret\"))||(t=Math.random().toString(36).substring(2,12),e.src+=\"#?secret=\"+t,e.setAttribute(\"data-secret\",t)),e.contentWindow.postMessage({message:\"ready\",secret:t},\"*\")},!1)))}(window,document);\n\/\/# sourceURL=https:\/\/www.hausamstrom.de\/wp-includes\/js\/wp-embed.min.js\n\/* ]]> *\/\n<\/script>\n","thumbnail_url":"https:\/\/www.hausamstrom.de\/wp-content\/uploads\/2020\/05\/Haus-am-Strom-Vorne-scaled.jpg","thumbnail_width":2560,"thumbnail_height":2560,"description":"Sommerfest 25 Jahre Haus am Strom Am 10. August von 11 bis 17 Uhr Umfangreiches Programm: Infopoint, Gebietsbetreuung mit Gl\u00fccksrad, Filzen, Flaschengeister basteln, Buttonmaschine und Ritterhelme zum Anfassen mit der Veste Oberhaus, Schmunzelsteine herstellen mit dem Granitzentrum, Vogelh\u00e4user basteln mit dem Landschaftspflegeverband, Basteln mit der Cumnatura Umweltakademie, \u00d6komobil, Kinderschminken, Tinas N\u00e4hparty, Zielspritzen mit der Feuerwehr [&hellip;]"}

Jubiläums - Sommerfest am 10. August - Haus am Strom

<blockquote class="wp-embedded-content" data-secret="iaMW9gXCyB"><a href="https://www.hausamstrom.de/de/jubilaeums-sommerfest-am-10-august/">Jubiläums &#8211; Sommerfest am 10. August</a></blockquote><iframe sandbox="allow-scripts" security="restricted" src="https://www.hausamstrom.de/de/jubilaeums-sommerfest-am-10-august/embed/#?secret=iaMW9gXCyB" width="600" height="338" title="&#8222;Jubiläums &#8211; Sommerfest am 10. August&#8220; &#8211; Haus am Strom" data-secret="iaMW9gXCyB" frameborder="0" marginwidth="0" marginheight="0" scrolling="no" class="wp-embedded-content"></iframe><script type="text/javascript">
/* <![CDATA[ */
/*! This file is auto-generated */
!function(d,l){"use strict";l.querySelector&&d.addEventListener&&"undefined"!=typeof URL&&(d.wp=d.wp||{},d.wp.receiveEmbedMessage||(d.wp.receiveEmbedMessage=function(e){var t=e.data;if((t||t.secret||t.message||t.value)&&!/[^a-zA-Z0-9]/.test(t.secret)){for(var s,r,n,a=l.querySelectorAll('iframe[data-secret="'+t.secret+'"]'),o=l.querySelectorAll('blockquote[data-secret="'+t.secret+'"]'),c=new RegExp("^https?:$","i"),i=0;i<o.length;i++)o[i].style.display="none";for(i=0;i<a.length;i++)s=a[i],e.source===s.contentWindow&&(s.removeAttribute("style"),"height"===t.message?(1e3<(r=parseInt(t.value,10))?r=1e3:~~r<200&&(r=200),s.height=r):"link"===t.message&&(r=new URL(s.getAttribute("src")),n=new URL(t.value),c.test(n.protocol))&&n.host===r.host&&l.activeElement===s&&(d.top.location.href=t.value))}},d.addEventListener("message",d.wp.receiveEmbedMessage,!1),l.addEventListener("DOMContentLoaded",function(){for(var e,t,s=l.querySelectorAll("iframe.wp-embedded-content"),r=0;r<s.length;r++)(t=(e=s[r]).getAttribute("data-secret"))||(t=Math.random().toString(36).substring(2,12),e.src+="#?secret="+t,e.setAttribute("data-secret",t)),e.contentWindow.postMessage({message:"ready",secret:t},"*")},!1)))}(window,document);
//# sourceURL=https://www.hausamstrom.de/wp-includes/js/wp-embed.min.js
/* ]]> */
</script>

Sommerfest 25 Jahre Haus am Strom Am 10. August von 11 bis 17 Uhr Umfangreiches Programm: Infopoint, Gebietsbetreuung mit Glücksrad, Filzen, Flaschengeister basteln, Buttonmaschine und Ritterhelme zum Anfassen mit der Veste Oberhaus, Schmunzelsteine herstellen mit dem Granitzentrum, Vogelhäuser basteln mit dem Landschaftspflegeverband, Basteln mit der Cumnatura Umweltakademie, Ökomobil, Kinderschminken, Tinas Nähparty, Zielspritzen mit der Feuerwehr [&hellip;]
